{"id":197,"date":"2021-05-05T13:53:47","date_gmt":"2021-05-05T13:53:47","guid":{"rendered":"https:\/\/centredeformationsteinfort.lu\/?post_type=product&#038;p=197"},"modified":"2025-04-10T08:33:05","modified_gmt":"2025-04-10T08:33:05","slug":"formation-reflexologie-plantaire-niveau-2","status":"publish","type":"product","link":"https:\/\/www.centredereflexologieluxembourg.lu\/?product=formation-reflexologie-plantaire-niveau-2","title":{"rendered":"Formation R\u00e9flexologie et MTC"},"content":{"rendered":"<div class=\"elementor-element elementor-element-52a103f elementor-widget elementor-widget-heading\" data-id=\"52a103f\" data-element_type=\"widget\" data-widget_type=\"heading.default\">\n<div class=\"elementor-widget-container\">\n<h4 class=\"elementor-heading-title elementor-size-default\">La R\u00e9flexologie et la M\u00e9decine Traditionnelle Chinoise<\/h4>\n<\/div>\n<\/div>\n<div class=\"elementor-element elementor-element-67960bd elementor-widget elementor-widget-text-editor\" data-id=\"67960bd\" data-element_type=\"widget\" data-widget_type=\"text-editor.default\">\n<div class=\"elementor-widget-container\">\n<div class=\"elementor-text-editor elementor-clearfix\">\n<div class=\"elementor-element elementor-element-199290d elementor-widget elementor-widget-text-editor\" data-id=\"199290d\" data-element_type=\"widget\" data-widget_type=\"text-editor.default\">\n<div class=\"elementor-widget-container\">\n<div class=\"elementor-element elementor-element-67960bd elementor-widget elementor-widget-text-editor\" data-id=\"67960bd\" data-element_type=\"widget\" data-widget_type=\"text-editor.default\">\n<div class=\"elementor-widget-container\">\n<div class=\"elementor-text-editor elementor-clearfix\">\n<p>Le cursus concerne l\u2019\u00e9tude de r\u00e9flexologie plantaire et la m\u00e9decine traditionnelle chinoise :<\/p>\n<\/div>\n<ul>\n<li>Le QI &#8211; Energie Vitale<\/li>\n<li>La roue des 5 \u00e9l\u00e9ments<\/li>\n<li>Les 5 saisons<\/li>\n<li>Les 12 M\u00e9ridiens Principaux et les 2 M\u00e9ridiens Curieux<\/li>\n<li>L\u2019horloge \u00e9nerg\u00e9tique des organes<\/li>\n<li>Les d\u00e9s\u00e9quilibres et facteurs pathog\u00e8nes<\/li>\n<li>Les 5 natures et 5 saveurs en di\u00e9t\u00e9tique chinoise<\/li>\n<li>L\u2019art du mouvement et de la respiration<\/li>\n<li>Techniques de R\u00e9\u00e9quilibrage par la R\u00e9flexologie<\/li>\n<li>Apprentissage des zones m\u00e9taboliques et troubles associ\u00e9s<\/li>\n<li>Construction d\u2019un protocole<\/li>\n<li>Mise en pratique.<\/li>\n<\/ul>\n<\/div>\n<\/div>\n<\/div>\n<\/div>\n<div class=\"elementor-element elementor-element-8f11957 elementor-widget elementor-widget-text-editor\" data-id=\"8f11957\" data-element_type=\"widget\" data-widget_type=\"text-editor.default\">\n<div class=\"elementor-widget-container\">\n<p><u>Pour qui\u00a0?<\/u>\u00a0Cette formation est accessible \u00e0 tous les r\u00e9flexologues et professionnels de la sant\u00e9<\/p>\n<p><u>Dates\u00a0:<\/u> 4 journ\u00e9es de 9h30 \u00e0 16h<\/p>\n<p><u>Prix<\/u> : 850 euros (payable en 1 ou 2 fois)<\/p>\n<\/div>\n<p><u>Formateur\u00a0:<\/u>\u00a0Marie-Laure Emond<\/p>\n<\/div>\n<\/div>\n<\/div>\n<\/div>\n","protected":false},"excerpt":{"rendered":"<p>La R\u00e9flexologie et la M\u00e9decine Traditionnelle Chinoise Le cursus concerne l\u2019\u00e9tude de r\u00e9flexologie plantaire et la m\u00e9decine traditionnelle chinoise : Le QI &#8211; Energie Vitale La roue des 5 \u00e9l\u00e9ments Les 5 saisons Les 12 M\u00e9ridiens Principaux et les 2 M\u00e9ridiens Curieux L\u2019horloge \u00e9nerg\u00e9tique des organes Les d\u00e9s\u00e9quilibres et facteurs pathog\u00e8nes Les 5 natures et [&hellip;]<\/p>\n","protected":false},"featured_media":303,"comment_status":"open","ping_status":"closed","template":"","meta":{"_seopress_robots_primary_cat":"none","_seopress_titles_title":"","_seopress_titles_desc":"","_seopress_robots_index":""},"product_brand":[],"product_cat":[21],"product_tag":[],"class_list":{"0":"post-197","1":"product","2":"type-product","3":"status-publish","4":"has-post-thumbnail","6":"product_cat-reflexologie","8":"first","9":"instock","10":"shipping-taxable","11":"purchasable","12":"product-type-simple"},"_links":{"self":[{"href":"https:\/\/www.centredereflexologieluxembourg.lu\/index.php?rest_route=\/wp\/v2\/product\/197","targetHints":{"allow":["GET"]}}],"collection":[{"href":"https:\/\/www.centredereflexologieluxembourg.lu\/index.php?rest_route=\/wp\/v2\/product"}],"about":[{"href":"https:\/\/www.centredereflexologieluxembourg.lu\/index.php?rest_route=\/wp\/v2\/types\/product"}],"replies":[{"embeddable":true,"href":"https:\/\/www.centredereflexologieluxembourg.lu\/index.php?rest_route=%2Fwp%2Fv2%2Fcomments&post=197"}],"wp:featuredmedia":[{"embeddable":true,"href":"https:\/\/www.centredereflexologieluxembourg.lu\/index.php?rest_route=\/wp\/v2\/media\/303"}],"wp:attachment":[{"href":"https:\/\/www.centredereflexologieluxembourg.lu\/index.php?rest_route=%2Fwp%2Fv2%2Fmedia&parent=197"}],"wp:term":[{"taxonomy":"product_brand","embeddable":true,"href":"https:\/\/www.centredereflexologieluxembourg.lu\/index.php?rest_route=%2Fwp%2Fv2%2Fproduct_brand&post=197"},{"taxonomy":"product_cat","embeddable":true,"href":"https:\/\/www.centredereflexologieluxembourg.lu\/index.php?rest_route=%2Fwp%2Fv2%2Fproduct_cat&post=197"},{"taxonomy":"product_tag","embeddable":true,"href":"https:\/\/www.centredereflexologieluxembourg.lu\/index.php?rest_route=%2Fwp%2Fv2%2Fproduct_tag&post=197"}],"curies":[{"name":"wp","href":"https:\/\/api.w.org\/{rel}","templated":true}]}}

Formation Réflexologie et MTC

<div class="elementor-element elementor-element-52a103f elementor-widget elementor-widget-heading" data-id="52a103f" data-element_type="widget" data-widget_type="heading.default">
<div class="elementor-widget-container">
<h4 class="elementor-heading-title elementor-size-default">La Réflexologie et la Médecine Traditionnelle Chinoise</h4>
</div>
</div>
<div class="elementor-element elementor-element-67960bd elementor-widget elementor-widget-text-editor" data-id="67960bd" data-element_type="widget" data-widget_type="text-editor.default">
<div class="elementor-widget-container">
<div class="elementor-text-editor elementor-clearfix">
<div class="elementor-element elementor-element-199290d elementor-widget elementor-widget-text-editor" data-id="199290d" data-element_type="widget" data-widget_type="text-editor.default">
<div class="elementor-widget-container">
<div class="elementor-element elementor-element-67960bd elementor-widget elementor-widget-text-editor" data-id="67960bd" data-element_type="widget" data-widget_type="text-editor.default">
<div class="elementor-widget-container">
<div class="elementor-text-editor elementor-clearfix">
<p>Le cursus concerne l’étude de réflexologie plantaire et la médecine traditionnelle chinoise :</p>
</div>
<ul>
<li>Le QI &#8211; Energie Vitale</li>
<li>La roue des 5 éléments</li>
<li>Les 5 saisons</li>
<li>Les 12 Méridiens Principaux et les 2 Méridiens Curieux</li>
<li>L’horloge énergétique des organes</li>
<li>Les déséquilibres et facteurs pathogènes</li>
<li>Les 5 natures et 5 saveurs en diététique chinoise</li>
<li>L’art du mouvement et de la respiration</li>
<li>Techniques de Rééquilibrage par la Réflexologie</li>
<li>Apprentissage des zones métaboliques et troubles associés</li>
<li>Construction d’un protocole</li>
<li>Mise en pratique.</li>
</ul>
</div>
</div>
</div>
</div>
<div class="elementor-element elementor-element-8f11957 elementor-widget elementor-widget-text-editor" data-id="8f11957" data-element_type="widget" data-widget_type="text-editor.default">
<div class="elementor-widget-container">
<p><u>Pour qui ?</u> Cette formation est accessible à tous les réflexologues et professionnels de la santé</p>
<p><u>Dates :</u> 4 journées de 9h30 à 16h</p>
<p><u>Prix</u> : 850 euros (payable en 1 ou 2 fois)</p>
</div>
<p><u>Formateur :</u> Marie-Laure Emond</p>
</div>
</div>
</div>
</div>

<p>La Réflexologie et la Médecine Traditionnelle Chinoise Le cursus concerne l’étude de réflexologie plantaire et la médecine traditionnelle chinoise : Le QI &#8211; Energie Vitale La roue des 5 éléments Les 5 saisons Les 12 Méridiens Principaux et les 2 Méridiens Curieux L’horloge énergétique des organes Les déséquilibres et facteurs pathogènes Les 5 natures et [&hellip;]</p>
