{"id":235,"date":"2021-03-18T10:36:25","date_gmt":"2021-03-18T10:36:25","guid":{"rendered":"https:\/\/centredeformationsteinfort.lu\/?page_id=235"},"modified":"2026-03-31T13:47:31","modified_gmt":"2026-03-31T13:47:31","slug":"les-conferences","status":"publish","type":"page","link":"https:\/\/www.centredereflexologieluxembourg.lu\/?page_id=235","title":{"rendered":"Les conf\u00e9rences"},"content":{"rendered":"\t\t<div data-elementor-type=\"wp-page\" data-elementor-id=\"235\" class=\"elementor elementor-235\" data-elementor-settings=\"{&quot;ha_cmc_init_switcher&quot;:&quot;no&quot;}\" data-elementor-post-type=\"page\">\n\t\t\t\t\t\t<section class=\"elementor-section elementor-top-section elementor-element elementor-element-2e53f77 elementor-section-boxed elementor-section-height-default elementor-section-height-default\" data-id=\"2e53f77\" data-element_type=\"section\" data-e-type=\"section\" data-settings=\"{&quot;background_background&quot;:&quot;slideshow&quot;,&quot;background_slideshow_gallery&quot;:[{&quot;id&quot;:466,&quot;url&quot;:&quot;https:\\\/\\\/www.centredereflexologieluxembourg.lu\\\/wp-content\\\/uploads\\\/2021\\\/04\\\/2017-11-12-13-13-26.jpg&quot;}],&quot;background_slideshow_loop&quot;:&quot;yes&quot;,&quot;background_slideshow_slide_duration&quot;:5000,&quot;background_slideshow_slide_transition&quot;:&quot;fade&quot;,&quot;background_slideshow_transition_duration&quot;:500,&quot;_ha_eqh_enable&quot;:false}\">\n\t\t\t\t\t\t<div class=\"elementor-container elementor-column-gap-default\">\n\t\t\t\t\t<div class=\"elementor-column elementor-col-100 elementor-top-column elementor-element elementor-element-a683c37\" data-id=\"a683c37\" data-element_type=\"column\" data-e-type=\"column\">\n\t\t\t<div class=\"elementor-widget-wrap elementor-element-populated\">\n\t\t\t\t\t\t<div class=\"elementor-element elementor-element-c24979a elementor-widget elementor-widget-heading\" data-id=\"c24979a\" data-element_type=\"widget\" data-e-type=\"widget\" data-widget_type=\"heading.default\">\n\t\t\t\t<div class=\"elementor-widget-container\">\n\t\t\t\t\t<h1 class=\"elementor-heading-title elementor-size-default\">CONFERENCES<\/h1>\t\t\t\t<\/div>\n\t\t\t\t<\/div>\n\t\t\t\t\t<\/div>\n\t\t<\/div>\n\t\t\t\t\t<\/div>\n\t\t<\/section>\n\t\t\t\t<section class=\"elementor-section elementor-top-section elementor-element elementor-element-689d469 elementor-section-boxed elementor-section-height-default elementor-section-height-default\" data-id=\"689d469\" data-element_type=\"section\" data-e-type=\"section\" data-settings=\"{&quot;_ha_eqh_enable&quot;:false}\">\n\t\t\t\t\t\t<div class=\"elementor-container elementor-column-gap-default\">\n\t\t\t\t\t<div class=\"elementor-column elementor-col-50 elementor-top-column elementor-element elementor-element-859096b\" data-id=\"859096b\" data-element_type=\"column\" data-e-type=\"column\">\n\t\t\t<div class=\"elementor-widget-wrap elementor-element-populated\">\n\t\t\t\t\t\t<div class=\"elementor-element elementor-element-2442b60 elementor-invisible elementor-widget elementor-widget-image\" data-id=\"2442b60\" data-element_type=\"widget\" data-e-type=\"widget\" data-settings=\"{&quot;_animation&quot;:&quot;zoomIn&quot;}\" data-widget_type=\"image.default\">\n\t\t\t\t<div class=\"elementor-widget-container\">\n\t\t\t\t\t\t\t\t\t\t\t\t\t\t\t<img fetchpriority=\"high\" decoding=\"async\" width=\"800\" height=\"671\" src=\"https:\/\/www.centredereflexologieluxembourg.lu\/wp-content\/uploads\/2021\/03\/11.png\" class=\"attachment-large size-large wp-image-149\" alt=\"\" srcset=\"https:\/\/www.centredereflexologieluxembourg.lu\/wp-content\/uploads\/2021\/03\/11.png 940w, https:\/\/www.centredereflexologieluxembourg.lu\/wp-content\/uploads\/2021\/03\/11-600x503.png 600w, https:\/\/www.centredereflexologieluxembourg.lu\/wp-content\/uploads\/2021\/03\/11-300x251.png 300w, https:\/\/www.centredereflexologieluxembourg.lu\/wp-content\/uploads\/2021\/03\/11-768x644.png 768w\" sizes=\"(max-width: 800px) 100vw, 800px\" \/>\t\t\t\t\t\t\t\t\t\t\t\t\t\t\t<\/div>\n\t\t\t\t<\/div>\n\t\t\t\t\t<\/div>\n\t\t<\/div>\n\t\t\t\t<div class=\"elementor-column elementor-col-50 elementor-top-column elementor-element elementor-element-0cf7542\" data-id=\"0cf7542\" data-element_type=\"column\" data-e-type=\"column\">\n\t\t\t<div class=\"elementor-widget-wrap elementor-element-populated\">\n\t\t\t\t\t\t<div class=\"elementor-element elementor-element-c1b5361 elementor-widget elementor-widget-text-editor\" data-id=\"c1b5361\" data-element_type=\"widget\" data-e-type=\"widget\" data-widget_type=\"text-editor.default\">\n\t\t\t\t<div class=\"elementor-widget-container\">\n\t\t\t\t\t\t\t\t\t<p>\u00a0<\/p><p>Le Centre de R\u00e9flexologie du Luxembourg vous propose des conf\u00e9rences sur la r\u00e9flexologie comme m\u00e9thode de soins d&rsquo;accompagnement mieux-\u00eatre, compl\u00e9mentaire aux soins de sant\u00e9. Comme par exemple en soins palliatifs (chez Omega 90 \u00e0 Luxembourg), dans l&rsquo;accompagnement des Battants et de leur proches, l&rsquo;\u00e9nur\u00e9sie chez les enfants, les r\u00e9flexes archa\u00efques, etc.\u00a0<\/p>\t\t\t\t\t\t\t\t<\/div>\n\t\t\t\t<\/div>\n\t\t\t\t\t<\/div>\n\t\t<\/div>\n\t\t\t\t\t<\/div>\n\t\t<\/section>\n\t\t\t\t<section class=\"elementor-section elementor-top-section elementor-element elementor-element-b752922 elementor-section-boxed elementor-section-height-default elementor-section-height-default\" data-id=\"b752922\" data-element_type=\"section\" data-e-type=\"section\" data-settings=\"{&quot;background_background&quot;:&quot;classic&quot;,&quot;_ha_eqh_enable&quot;:false}\">\n\t\t\t\t\t\t<div class=\"elementor-container elementor-column-gap-default\">\n\t\t\t\t\t<div class=\"elementor-column elementor-col-50 elementor-top-column elementor-element elementor-element-236995f\" data-id=\"236995f\" data-element_type=\"column\" data-e-type=\"column\">\n\t\t\t<div class=\"elementor-widget-wrap elementor-element-populated\">\n\t\t\t\t\t\t<div class=\"elementor-element elementor-element-cb2cdeb elementor-widget elementor-widget-image\" data-id=\"cb2cdeb\" data-element_type=\"widget\" data-e-type=\"widget\" data-widget_type=\"image.default\">\n\t\t\t\t<div class=\"elementor-widget-container\">\n\t\t\t\t\t\t\t\t\t\t\t\t\t\t\t<img decoding=\"async\" src=\"https:\/\/www.centredereflexologieluxembourg.lu\/wp-content\/uploads\/elementor\/thumbs\/cropped-CF_STEINFORT_POS-p6dqs1au8dlz0n4izxdcn4zazctgwust7gp1lj1eu4.png\" title=\"cropped-CF_STEINFORT_POS.png\" alt=\"cropped-CF_STEINFORT_POS.png\" loading=\"lazy\" \/>\t\t\t\t\t\t\t\t\t\t\t\t\t\t\t<\/div>\n\t\t\t\t<\/div>\n\t\t\t\t\t<\/div>\n\t\t<\/div>\n\t\t\t\t<div class=\"elementor-column elementor-col-50 elementor-top-column elementor-element elementor-element-8aa15ac\" data-id=\"8aa15ac\" data-element_type=\"column\" data-e-type=\"column\">\n\t\t\t<div class=\"elementor-widget-wrap elementor-element-populated\">\n\t\t\t\t\t\t<div class=\"elementor-element elementor-element-20b19ec elementor-view-default elementor-widget elementor-widget-icon\" data-id=\"20b19ec\" data-element_type=\"widget\" data-e-type=\"widget\" data-widget_type=\"icon.default\">\n\t\t\t\t<div class=\"elementor-widget-container\">\n\t\t\t\t\t\t\t<div class=\"elementor-icon-wrapper\">\n\t\t\t<div class=\"elementor-icon\">\n\t\t\t<i aria-hidden=\"true\" class=\"fas fa-phone-alt\"><\/i>\t\t\t<\/div>\n\t\t<\/div>\n\t\t\t\t\t\t<\/div>\n\t\t\t\t<\/div>\n\t\t\t\t<div class=\"elementor-element elementor-element-d900bce elementor-widget elementor-widget-text-editor\" data-id=\"d900bce\" data-element_type=\"widget\" data-e-type=\"widget\" data-widget_type=\"text-editor.default\">\n\t\t\t\t<div class=\"elementor-widget-container\">\n\t\t\t\t\t\t\t\t\t<h5>+352 691 351 228<\/h5>\t\t\t\t\t\t\t\t<\/div>\n\t\t\t\t<\/div>\n\t\t\t\t<div class=\"elementor-element elementor-element-da6cac4 elementor-view-default elementor-widget elementor-widget-icon\" data-id=\"da6cac4\" data-element_type=\"widget\" data-e-type=\"widget\" data-widget_type=\"icon.default\">\n\t\t\t\t<div class=\"elementor-widget-container\">\n\t\t\t\t\t\t\t<div class=\"elementor-icon-wrapper\">\n\t\t\t<div class=\"elementor-icon\">\n\t\t\t<i aria-hidden=\"true\" class=\"fas fa-map-marker-alt\"><\/i>\t\t\t<\/div>\n\t\t<\/div>\n\t\t\t\t\t\t<\/div>\n\t\t\t\t<\/div>\n\t\t\t\t<div class=\"elementor-element elementor-element-c0ef538 elementor-widget elementor-widget-text-editor\" data-id=\"c0ef538\" data-element_type=\"widget\" data-e-type=\"widget\" data-widget_type=\"text-editor.default\">\n\t\t\t\t<div class=\"elementor-widget-container\">\n\t\t\t\t\t\t\t\t\t<h5>Moulin de Beckerich, Huewelerstroos, 103, L-8521 Beckerich<\/h5>\t\t\t\t\t\t\t\t<\/div>\n\t\t\t\t<\/div>\n\t\t\t\t<div class=\"elementor-element elementor-element-4030c4b elementor-view-default elementor-widget elementor-widget-icon\" data-id=\"4030c4b\" data-element_type=\"widget\" data-e-type=\"widget\" data-widget_type=\"icon.default\">\n\t\t\t\t<div class=\"elementor-widget-container\">\n\t\t\t\t\t\t\t<div class=\"elementor-icon-wrapper\">\n\t\t\t<div class=\"elementor-icon\">\n\t\t\t<i aria-hidden=\"true\" class=\"fas fa-mail-bulk\"><\/i>\t\t\t<\/div>\n\t\t<\/div>\n\t\t\t\t\t\t<\/div>\n\t\t\t\t<\/div>\n\t\t\t\t<div class=\"elementor-element elementor-element-8cae681 elementor-widget elementor-widget-text-editor\" data-id=\"8cae681\" data-element_type=\"widget\" data-e-type=\"widget\" data-widget_type=\"text-editor.default\">\n\t\t\t\t<div class=\"elementor-widget-container\">\n\t\t\t\t\t\t\t\t\t<h5>marielaure@centremedicalsteinfort.lu<\/h5>\t\t\t\t\t\t\t\t<\/div>\n\t\t\t\t<\/div>\n\t\t\t\t\t<\/div>\n\t\t<\/div>\n\t\t\t\t\t<\/div>\n\t\t<\/section>\n\t\t\t\t<\/div>\n\t\t","protected":false},"excerpt":{"rendered":"<p>CONFERENCES \u00a0 Le Centre de R\u00e9flexologie du Luxembourg vous propose des conf\u00e9rences sur la r\u00e9flexologie comme m\u00e9thode de soins d&rsquo;accompagnement mieux-\u00eatre, compl\u00e9mentaire aux soins de sant\u00e9. Comme par exemple en soins palliatifs (chez Omega 90 \u00e0 Luxembourg), dans l&rsquo;accompagnement des Battants et de leur proches, l&rsquo;\u00e9nur\u00e9sie chez les enfants, les r\u00e9flexes archa\u00efques, etc.\u00a0 +352 691 [&hellip;]<\/p>\n","protected":false},"author":1,"featured_media":0,"parent":0,"menu_order":0,"comment_status":"closed","ping_status":"closed","template":"","meta":{"_seopress_robots_primary_cat":"","_seopress_titles_title":"","_seopress_titles_desc":"","_seopress_robots_index":"","footnotes":""},"class_list":["post-235","page","type-page","status-publish","hentry"],"_links":{"self":[{"href":"https:\/\/www.centredereflexologieluxembourg.lu\/index.php?rest_route=\/wp\/v2\/pages\/235","targetHints":{"allow":["GET"]}}],"collection":[{"href":"https:\/\/www.centredereflexologieluxembourg.lu\/index.php?rest_route=\/wp\/v2\/pages"}],"about":[{"href":"https:\/\/www.centredereflexologieluxembourg.lu\/index.php?rest_route=\/wp\/v2\/types\/page"}],"author":[{"embeddable":true,"href":"https:\/\/www.centredereflexologieluxembourg.lu\/index.php?rest_route=\/wp\/v2\/users\/1"}],"replies":[{"embeddable":true,"href":"https:\/\/www.centredereflexologieluxembourg.lu\/index.php?rest_route=%2Fwp%2Fv2%2Fcomments&post=235"}],"version-history":[{"count":55,"href":"https:\/\/www.centredereflexologieluxembourg.lu\/index.php?rest_route=\/wp\/v2\/pages\/235\/revisions"}],"predecessor-version":[{"id":1611,"href":"https:\/\/www.centredereflexologieluxembourg.lu\/index.php?rest_route=\/wp\/v2\/pages\/235\/revisions\/1611"}],"wp:attachment":[{"href":"https:\/\/www.centredereflexologieluxembourg.lu\/index.php?rest_route=%2Fwp%2Fv2%2Fmedia&parent=235"}],"curies":[{"name":"wp","href":"https:\/\/api.w.org\/{rel}","templated":true}]}}

Les conférences

<div data-elementor-type="wp-page" data-elementor-id="235" class="elementor elementor-235" data-elementor-settings="{&quot;ha_cmc_init_switcher&quot;:&quot;no&quot;}" data-elementor-post-type="page">
						<section class="elementor-section elementor-top-section elementor-element elementor-element-2e53f77 elementor-section-boxed elementor-section-height-default elementor-section-height-default" data-id="2e53f77" data-element_type="section" data-e-type="section" data-settings="{&quot;background_background&quot;:&quot;slideshow&quot;,&quot;background_slideshow_gallery&quot;:[{&quot;id&quot;:466,&quot;url&quot;:&quot;https:\/\/www.centredereflexologieluxembourg.lu\/wp-content\/uploads\/2021\/04\/2017-11-12-13-13-26.jpg&quot;}],&quot;background_slideshow_loop&quot;:&quot;yes&quot;,&quot;background_slideshow_slide_duration&quot;:5000,&quot;background_slideshow_slide_transition&quot;:&quot;fade&quot;,&quot;background_slideshow_transition_duration&quot;:500,&quot;_ha_eqh_enable&quot;:false}">
						<div class="elementor-container elementor-column-gap-default">
					<div class="elementor-column elementor-col-100 elementor-top-column elementor-element elementor-element-a683c37" data-id="a683c37" data-element_type="column" data-e-type="column">
			<div class="elementor-widget-wrap elementor-element-populated">
						<div class="elementor-element elementor-element-c24979a elementor-widget elementor-widget-heading" data-id="c24979a" data-element_type="widget" data-e-type="widget" data-widget_type="heading.default">
				<div class="elementor-widget-container">
					<h1 class="elementor-heading-title elementor-size-default">CONFERENCES</h1>				</div>
				</div>
					</div>
		</div>
					</div>
		</section>
				<section class="elementor-section elementor-top-section elementor-element elementor-element-689d469 elementor-section-boxed elementor-section-height-default elementor-section-height-default" data-id="689d469" data-element_type="section" data-e-type="section" data-settings="{&quot;_ha_eqh_enable&quot;:false}">
						<div class="elementor-container elementor-column-gap-default">
					<div class="elementor-column elementor-col-50 elementor-top-column elementor-element elementor-element-859096b" data-id="859096b" data-element_type="column" data-e-type="column">
			<div class="elementor-widget-wrap elementor-element-populated">
						<div class="elementor-element elementor-element-2442b60 elementor-invisible elementor-widget elementor-widget-image" data-id="2442b60" data-element_type="widget" data-e-type="widget" data-settings="{&quot;_animation&quot;:&quot;zoomIn&quot;}" data-widget_type="image.default">
				<div class="elementor-widget-container">
															<img fetchpriority="high" decoding="async" width="800" height="671" src="https://www.centredereflexologieluxembourg.lu/wp-content/uploads/2021/03/11.png" class="attachment-large size-large wp-image-149" alt="" srcset="https://www.centredereflexologieluxembourg.lu/wp-content/uploads/2021/03/11.png 940w, https://www.centredereflexologieluxembourg.lu/wp-content/uploads/2021/03/11-600x503.png 600w, https://www.centredereflexologieluxembourg.lu/wp-content/uploads/2021/03/11-300x251.png 300w, https://www.centredereflexologieluxembourg.lu/wp-content/uploads/2021/03/11-768x644.png 768w" sizes="(max-width: 800px) 100vw, 800px" />															</div>
				</div>
					</div>
		</div>
				<div class="elementor-column elementor-col-50 elementor-top-column elementor-element elementor-element-0cf7542" data-id="0cf7542" data-element_type="column" data-e-type="column">
			<div class="elementor-widget-wrap elementor-element-populated">
						<div class="elementor-element elementor-element-c1b5361 elementor-widget elementor-widget-text-editor" data-id="c1b5361" data-element_type="widget" data-e-type="widget" data-widget_type="text-editor.default">
				<div class="elementor-widget-container">
									<p> </p><p>Le Centre de Réflexologie du Luxembourg vous propose des conférences sur la réflexologie comme méthode de soins d&rsquo;accompagnement mieux-être, complémentaire aux soins de santé. Comme par exemple en soins palliatifs (chez Omega 90 à Luxembourg), dans l&rsquo;accompagnement des Battants et de leur proches, l&rsquo;énurésie chez les enfants, les réflexes archaïques, etc. </p>								</div>
				</div>
					</div>
		</div>
					</div>
		</section>
				<section class="elementor-section elementor-top-section elementor-element elementor-element-b752922 elementor-section-boxed elementor-section-height-default elementor-section-height-default" data-id="b752922" data-element_type="section" data-e-type="section" data-settings="{&quot;background_background&quot;:&quot;classic&quot;,&quot;_ha_eqh_enable&quot;:false}">
						<div class="elementor-container elementor-column-gap-default">
					<div class="elementor-column elementor-col-50 elementor-top-column elementor-element elementor-element-236995f" data-id="236995f" data-element_type="column" data-e-type="column">
			<div class="elementor-widget-wrap elementor-element-populated">
						<div class="elementor-element elementor-element-cb2cdeb elementor-widget elementor-widget-image" data-id="cb2cdeb" data-element_type="widget" data-e-type="widget" data-widget_type="image.default">
				<div class="elementor-widget-container">
															<img decoding="async" src="https://www.centredereflexologieluxembourg.lu/wp-content/uploads/elementor/thumbs/cropped-CF_STEINFORT_POS-p6dqs1au8dlz0n4izxdcn4zazctgwust7gp1lj1eu4.png" title="cropped-CF_STEINFORT_POS.png" alt="cropped-CF_STEINFORT_POS.png" loading="lazy" />															</div>
				</div>
					</div>
		</div>
				<div class="elementor-column elementor-col-50 elementor-top-column elementor-element elementor-element-8aa15ac" data-id="8aa15ac" data-element_type="column" data-e-type="column">
			<div class="elementor-widget-wrap elementor-element-populated">
						<div class="elementor-element elementor-element-20b19ec elementor-view-default elementor-widget elementor-widget-icon" data-id="20b19ec" data-element_type="widget" data-e-type="widget" data-widget_type="icon.default">
				<div class="elementor-widget-container">
							<div class="elementor-icon-wrapper">
			<div class="elementor-icon">
			<i aria-hidden="true" class="fas fa-phone-alt"></i>			</div>
		</div>
						</div>
				</div>
				<div class="elementor-element elementor-element-d900bce elementor-widget elementor-widget-text-editor" data-id="d900bce" data-element_type="widget" data-e-type="widget" data-widget_type="text-editor.default">
				<div class="elementor-widget-container">
									<h5>+352 691 351 228</h5>								</div>
				</div>
				<div class="elementor-element elementor-element-da6cac4 elementor-view-default elementor-widget elementor-widget-icon" data-id="da6cac4" data-element_type="widget" data-e-type="widget" data-widget_type="icon.default">
				<div class="elementor-widget-container">
							<div class="elementor-icon-wrapper">
			<div class="elementor-icon">
			<i aria-hidden="true" class="fas fa-map-marker-alt"></i>			</div>
		</div>
						</div>
				</div>
				<div class="elementor-element elementor-element-c0ef538 elementor-widget elementor-widget-text-editor" data-id="c0ef538" data-element_type="widget" data-e-type="widget" data-widget_type="text-editor.default">
				<div class="elementor-widget-container">
									<h5>Moulin de Beckerich, Huewelerstroos, 103, L-8521 Beckerich</h5>								</div>
				</div>
				<div class="elementor-element elementor-element-4030c4b elementor-view-default elementor-widget elementor-widget-icon" data-id="4030c4b" data-element_type="widget" data-e-type="widget" data-widget_type="icon.default">
				<div class="elementor-widget-container">
							<div class="elementor-icon-wrapper">
			<div class="elementor-icon">
			<i aria-hidden="true" class="fas fa-mail-bulk"></i>			</div>
		</div>
						</div>
				</div>
				<div class="elementor-element elementor-element-8cae681 elementor-widget elementor-widget-text-editor" data-id="8cae681" data-element_type="widget" data-e-type="widget" data-widget_type="text-editor.default">
				<div class="elementor-widget-container">
									<h5>marielaure@centremedicalsteinfort.lu</h5>								</div>
				</div>
					</div>
		</div>
					</div>
		</section>
				</div>

<p>CONFERENCES   Le Centre de Réflexologie du Luxembourg vous propose des conférences sur la réflexologie comme méthode de soins d&rsquo;accompagnement mieux-être, complémentaire aux soins de santé. Comme par exemple en soins palliatifs (chez Omega 90 à Luxembourg), dans l&rsquo;accompagnement des Battants et de leur proches, l&rsquo;énurésie chez les enfants, les réflexes archaïques, etc.  +352 691 [&hellip;]</p>
